{"id":939,"date":"2022-06-13T10:06:31","date_gmt":"2022-06-13T08:06:31","guid":{"rendered":"https:\/\/staging.myilr.lu\/?page_id=939"},"modified":"2025-09-29T15:16:41","modified_gmt":"2025-09-29T13:16:41","slug":"erklaerungzurbarrierefreiheit","status":"publish","type":"page","link":"https:\/\/www.myilr.lu\/de\/erklaerungzurbarrierefreiheit\/","title":{"rendered":"Erkl\u00e4rung zur Barrierefreiheit"},"content":{"rendered":" <p>Diese Seite stellt unsere Verpflichtungen in Sachen digitaler Barrierefreiheit vor und legt anschlie\u00dfend den Konformit\u00e4tsgrad dieser Website mit den geltenden Vorschriften und Referenzrahmen fest.<\/p>   <h2 class=\"wp-block-heading\">Was ist digitale Barrierefreiheit?<\/h2>   <p>Digitale Barrierefreiheit umfasst Regeln und bew\u00e4hrte Praktiken, die insbesondere funktionale, grafische, technische und redaktionelle Aspekte abdecken.<\/p>   <p>Die Beachtung dieser Regeln und bew\u00e4hrten Praktiken stellt sicher, dass digitale Medien (Websites, mobile Apps, PDF-Dokumente usw.) <strong>f\u00fcr Menschen mit Behinderungen zug\u00e4nglich<\/strong> sind.<\/p>   <p>Eine barrierefreie Website erm\u00f6glicht unter anderem:<\/p>   <ul class=\"wp-block-list\"> <li>Die Darstellung \u00fcber Betriebssystem und\/oder Browser anzupassen (Vergr\u00f6\u00dferung oder Verkleinerung der Schrift, \u00c4nderung der Typografie, Anpassung der Farben, Abschalten von Animationen usw.).<\/li>   <li>Mithilfe von Unterst\u00fctzungstechnologien wie Sprachausgabe oder Braillezeile zu navigieren.<\/li>   <li>Ohne Maus zu navigieren \u2013 nur mit Tastatur, Schaltern oder \u00fcber einen Touchscreen.<\/li>   <li>Videos und Audiodateien mit Untertiteln und\/oder Transkripten zu nutzen.<\/li> <\/ul>   <h2 class=\"wp-block-heading\">Verpflichtungen zur digitalen Barrierefreiheit<\/h2>   <p>Das Institut Luxembourgeois de R\u00e9gulation (ILR) verpflichtet sich, seine Website zug\u00e4nglich zu machen, gem\u00e4\u00df dem <a href=\"http:\/\/legilux.public.lu\/eli\/etat\/leg\/loi\/2019\/05\/28\/a373\/jo\" target=\"_blank\" rel=\"noopener\">Gesetz vom 28. Mai 2019<\/a> \u00fcber die Barrierefreiheit der Websites und mobilen Anwendungen \u00f6ffentlicher Stellen.<\/p>   <h2 class=\"wp-block-heading titleh4\">Konformit\u00e4tsstatus<\/h2>   <p>Diese Website ist teilweise konform mit der europ\u00e4ischen Norm <a href=\"https:\/\/www.etsi.org\/deliver\/etsi_en\/301500_301599\/301549\/02.01.02_60\/en_301549v020102p.pdf\" target=\"_blank\" rel=\"noopener\">EN 301 549<\/a> sowie dem <a href=\"https:\/\/accessibilite.public.lu\/fr\/raweb1\/\" target=\"_blank\" rel=\"noopener\">R\u00e9f\u00e9rentiel d&#8217;\u00c9valuation de l&#8217;Accessibilit\u00e9 Web (RAWeb) v1<\/a>, das sie umsetzt. Die nachfolgend aufgef\u00fchrten Abweichungen f\u00fchren zu dieser Einstufung.<\/p>   <h2 class=\"wp-block-heading titleh4\">Testergebnisse<\/h2>   <p>Die im September 2025 von <a href=\"https:\/\/ideance.net\/\" target=\"_blank\" rel=\"noopener\">Ideance<\/a> durchgef\u00fchrte Konformit\u00e4tspr\u00fcfung nach RAWeb Version 1 ergibt f\u00fcr die Stichprobe&nbsp;:<\/p>   <ul class=\"wp-block-list\"> <li>Die globale Konformit\u00e4tsrate betr\u00e4gt 82,3%.<br>Dieser Wert ergibt sich, indem die Anzahl der konformen Kriterien durch die Anzahl der anwendbaren Kriterien geteilt wird.<\/li>   <li>Die durchschnittliche Konformit\u00e4tsrate betr\u00e4gt 88,1%.<br>Dieser Wert ergibt sich als Mittelwert der Konformit\u00e4tsraten jeder einzelnen Seite.<\/li> <\/ul>   <h2 class=\"wp-block-heading\">Nicht barrierefreie Inhalte<\/h2>   <p>Liste der nicht konformen Kriterien:<\/p>   <ul class=\"wp-block-list\"> <li>1.3 \u2013 Eine Textalternative f\u00fcr eine inhaltsrelevante Grafik ist nicht aussagekr\u00e4ftig.<\/li>   <li>3.1 \u2013 Eine Information wird ausschlie\u00dflich \u00fcber Farbe vermittelt (Breadcrumb der Seite Kontaktieren Sie uns).<\/li>   <li>3.2 \u2013 Die Kontraste zwischen Textfarbe und Hintergrundfarbe sind nicht ausreichend.<\/li>   <li>6.1 \u2013 Ein Link ist nicht eindeutig aussagekr\u00e4ftig.<\/li>   <li>7.1 \u2013 Das Suchskript der Website ist nicht vollst\u00e4ndig mit Unterst\u00fctzungstechnologien kompatibel.<\/li>   <li>8.9 \u2013 Tags werden ausschlie\u00dflich zu Pr\u00e4sentationszwecken verwendet.<\/li>   <li>10.4 \u2013 Texte sind nicht lesbar, wenn die Schriftgr\u00f6\u00dfe mindestens bis auf 200% vergr\u00f6\u00dfert wird.<\/li>   <li>10.6 \u2013 Links, deren Art nicht offensichtlich ist, sind gegen\u00fcber ihrem umgebenden Text nicht hinreichend sichtbar.<\/li>   <li>10.7 \u2013 Die Fokusdarstellung interaktiver Elemente ist nicht sichtbar.<\/li>   <li>10.8 \u2013 Verborgene Inhalte sind nicht als von Unterst\u00fctzungstechnologien zu ignorieren gekennzeichnet.<\/li>   <li>10.11 \u2013 Das Breadcrumb kann bei einer Fensterbreite von 320&nbsp;px nicht dargestellt werden.<\/li> <\/ul>   <h2 class=\"wp-block-heading titleh4\">Erstellung dieser Erkl\u00e4rung zur Barrierefreiheit<\/h2>   <p>Diese Erkl\u00e4rung wurde am 16. September 2025 erstellt.<\/p>   <p>Die Angaben in dieser Erkl\u00e4rung sind korrekt und beruhen auf einer tats\u00e4chlichen Bewertung der Konformit\u00e4t dieser Website mit den Anforderungen des <a href=\"https:\/\/accessibilite.public.lu\/fr\/raweb1\/\" target=\"_blank\" rel=\"noopener\">RAWeb 1<\/a>.<\/p>   <h4 class=\"wp-block-heading\">Verwendete Technologien f\u00fcr die Umsetzung der Website<\/h4>   <ul class=\"wp-block-list\"> <li>HTML5<\/li>   <li>SVG<\/li>   <li>ARIA<\/li>   <li>CSS<\/li>   <li>JavaScript<\/li> <\/ul>   <h2 class=\"wp-block-heading titleh4\">Testumgebung<\/h2>   <p>Die Tests wurden mit folgenden Kombinationen aus Webbrowser und Screenreader durchgef\u00fchrt:<\/p>   <ul class=\"wp-block-list\"> <li>Firefox 142 und NVDA 2025.2 unter Windows 11<\/li>   <li>Firefox 142 und JAWS 2024 unter Windows 11<\/li>   <li>Safari und VoiceOver unter macOS 6.1<\/li>   <li>Safari und VoiceOver unter iOS 6<\/li> <\/ul>   <h2 class=\"wp-block-heading titleh4\">Werkzeuge zur Bewertung der Barrierefreiheit<\/h2>   <ul class=\"wp-block-list\"> <li>Colour Contrast Analyser<\/li>   <li>Contrast Finder<\/li>   <li>Firefox-Entwicklertools<\/li>   <li>Web Developer (Firefox-Erweiterung)<\/li> <\/ul>   <h2 class=\"wp-block-heading titleh4\">F\u00fcr die Konformit\u00e4tspr\u00fcfung herangezogene Seiten<\/h2>   <ul class=\"wp-block-list\"> <li><a href=\"https:\/\/myilr.lu\" target=\"_blank\" rel=\"noopener\">Startseite<\/a><\/li>   <li><a href=\"https:\/\/myilr.lu\/mentions-legales\/\" target=\"_blank\" rel=\"noopener\">Impressum<\/a><\/li>   <li><a href=\"https:\/\/myilr.lu\/plan-du-site\/\" target=\"_blank\" rel=\"noopener\">Sitemap<\/a><\/li>   <li><a data-wplink-edit=\"true\" href=\"https:\/\/myilr.lu\/mes-questions\/\" target=\"_blank\" rel=\"noopener\">Themen<\/a><\/li>   <li><a href=\"https:\/\/myilr.lu\/mes-questions\/telephone-fixe-internet\/\" target=\"_blank\" rel=\"noopener\">Festnetz \u2013 Internet<\/a><\/li>   <li><a href=\"https:\/\/myilr.clients.h2a.lu\/mes-questions\/telephone-fixe-internet\/contrat-telephone-fixe-internet\/\" target=\"_blank\" rel=\"noopener\">Ver<\/a><a href=\"https:\/\/myilr.lu\/mes-questions\/telephone-fixe-internet\/contrat-telephone-fixe-internet\/\" target=\"_blank\" rel=\"noopener\">tra<\/a><a href=\"https:\/\/myilr.clients.h2a.lu\/mes-questions\/telephone-fixe-internet\/contrat-telephone-fixe-internet\/\" target=\"_blank\" rel=\"noopener\">g<\/a><\/li>   <li><a href=\"https:\/\/myilr.lu\/qui-est-lilr\/\" target=\"_blank\" rel=\"noopener\">Wer ist die ILR<\/a><\/li>   <li><a href=\"https:\/\/myilr.lu\/contact\/\" target=\"_blank\" rel=\"noopener\">Kontakt<\/a><\/li>   <li><a href=\"https:\/\/myilr.lu\/declaration-daccessibilite\/\" target=\"_blank\" rel=\"noopener\">Barrierefreiheit<\/a><\/li> <\/ul>   <h2 class=\"wp-block-heading\">Feedback und Kontaktangaben<\/h2>   <p>Wenn Sie nicht auf einen Inhalt oder einen Dienst dieser Website zugreifen k\u00f6nnen, k\u00f6nnen Sie uns \u00fcber einen der folgenden Wege kontaktieren und Ihr Problem beschreiben:&nbsp;<br>Schreiben Sie uns an folgende E-Mail-Adresse: <a href=\"mailto:accessibilite@ilr.lu\">accessibilite@ilr.lu<\/a><\/p>   <p>Wir verpflichten uns, Ihnen per E-Mail innerhalb von h\u00f6chstens 1 Monat zu antworten.<\/p>   <p>Um das Problem dauerhaft und im Rahmen des Zumutbaren zu beheben, wird die Online-Korrektur des Barrierefreiheitsmangels bevorzugt.<\/p>   <p>Falls dies nicht m\u00f6glich ist, werden Ihnen die gew\u00fcnschten Informationen in einem barrierefreien Format nach Ihren W\u00fcnschen \u00fcbermittelt:<\/p>   <ul class=\"wp-block-list\"> <li>Schriftlich in einem Dokument oder per E-Mail.<\/li>   <li>M\u00fcndlich in einem Gespr\u00e4ch oder telefonisch.<\/li> <\/ul>   <h2 class=\"wp-block-heading\">Verfahren zur Gew\u00e4hrleistung der Einhaltung der Vorschriften<\/h2>   <p>Bei einer nicht zufriedenstellenden Antwort k\u00f6nnen Sie au\u00dferdem den <a href=\"https:\/\/sip.gouvernement.lu\/fr.html\" target=\"_blank\" rel=\"noopener\">Service information et presse<\/a>, die f\u00fcr die Kontrolle der Barrierefreiheit zust\u00e4ndige Stelle, \u00fcber sein <a href=\"https:\/\/sip.gouvernement.lu\/fr\/support\/reclamation-accessibilite.html\" target=\"_blank\" rel=\"noopener\">Online-Beschwerdeformular<\/a> informieren oder sich an den <a href=\"https:\/\/www.ombudsman.lu\/\" target=\"_blank\" rel=\"noopener\">Ombudsmann<\/a>, die Schlichtungsstelle des Gro\u00dfherzogtums Luxemburg, wenden.<\/p>   <p class=\"is-inset-top-60\"><em>Diese Erkl\u00e4rung wurde am 16. September 2025 erstellt<\/em><\/p> ","protected":false},"excerpt":{"rendered":"<p>Diese Seite stellt unsere Verpflichtungen in Sachen digitaler Barrierefreiheit vor und legt anschlie\u00dfend den Konformit\u00e4tsgrad dieser Website mit den geltenden Vorschriften und Referenzrahmen fest. Was ist digitale Barrierefreiheit? Digitale Barrierefreiheit umfasst Regeln und bew\u00e4hrte Praktiken, die insbesondere funktionale, grafische, technische und redaktionelle Aspekte abdecken. Die Beachtung dieser Regeln und bew\u00e4hrten Praktiken stellt sicher, dass digitale [&hellip;]<\/p>\n","protected":false},"author":1,"featured_media":0,"parent":0,"menu_order":0,"comment_status":"closed","ping_status":"closed","template":"","meta":{"_acf_changed":false,"footnotes":""},"class_list":["post-939","page","type-page","status-publish","hentry"],"acf":[],"_links":{"self":[{"href":"https:\/\/www.myilr.lu\/de\/wp-json\/wp\/v2\/pages\/939","targetHints":{"allow":["GET"]}}],"collection":[{"href":"https:\/\/www.myilr.lu\/de\/wp-json\/wp\/v2\/pages"}],"about":[{"href":"https:\/\/www.myilr.lu\/de\/wp-json\/wp\/v2\/types\/page"}],"author":[{"embeddable":true,"href":"https:\/\/www.myilr.lu\/de\/wp-json\/wp\/v2\/users\/1"}],"replies":[{"embeddable":true,"href":"https:\/\/www.myilr.lu\/de\/wp-json\/wp\/v2\/comments?post=939"}],"version-history":[{"count":7,"href":"https:\/\/www.myilr.lu\/de\/wp-json\/wp\/v2\/pages\/939\/revisions"}],"predecessor-version":[{"id":29106,"href":"https:\/\/www.myilr.lu\/de\/wp-json\/wp\/v2\/pages\/939\/revisions\/29106"}],"wp:attachment":[{"href":"https:\/\/www.myilr.lu\/de\/wp-json\/wp\/v2\/media?parent=939"}],"curies":[{"name":"wp","href":"https:\/\/api.w.org\/{rel}","templated":true}]}}

Erklärung zur Barrierefreiheit

<p>Diese Seite stellt unsere Verpflichtungen in Sachen digitaler Barrierefreiheit vor und legt anschließend den Konformitätsgrad dieser Website mit den geltenden Vorschriften und Referenzrahmen fest.</p>   <h2 class="wp-block-heading">Was ist digitale Barrierefreiheit?</h2>   <p>Digitale Barrierefreiheit umfasst Regeln und bewährte Praktiken, die insbesondere funktionale, grafische, technische und redaktionelle Aspekte abdecken.</p>   <p>Die Beachtung dieser Regeln und bewährten Praktiken stellt sicher, dass digitale Medien (Websites, mobile Apps, PDF-Dokumente usw.) <strong>für Menschen mit Behinderungen zugänglich</strong> sind.</p>   <p>Eine barrierefreie Website ermöglicht unter anderem:</p>   <ul class="wp-block-list"> <li>Die Darstellung über Betriebssystem und/oder Browser anzupassen (Vergrößerung oder Verkleinerung der Schrift, Änderung der Typografie, Anpassung der Farben, Abschalten von Animationen usw.).</li>   <li>Mithilfe von Unterstützungstechnologien wie Sprachausgabe oder Braillezeile zu navigieren.</li>   <li>Ohne Maus zu navigieren – nur mit Tastatur, Schaltern oder über einen Touchscreen.</li>   <li>Videos und Audiodateien mit Untertiteln und/oder Transkripten zu nutzen.</li> </ul>   <h2 class="wp-block-heading">Verpflichtungen zur digitalen Barrierefreiheit</h2>   <p>Das Institut Luxembourgeois de Régulation (ILR) verpflichtet sich, seine Website zugänglich zu machen, gemäß dem <a href="http://legilux.public.lu/eli/etat/leg/loi/2019/05/28/a373/jo" target="_blank" rel="noopener">Gesetz vom 28. Mai 2019</a> über die Barrierefreiheit der Websites und mobilen Anwendungen öffentlicher Stellen.</p>   <h2 class="wp-block-heading titleh4">Konformitätsstatus</h2>   <p>Diese Website ist teilweise konform mit der europäischen Norm <a href="https://www.etsi.org/deliver/etsi_en/301500_301599/301549/02.01.02_60/en_301549v020102p.pdf" target="_blank" rel="noopener">EN 301 549</a> sowie dem <a href="https://accessibilite.public.lu/fr/raweb1/" target="_blank" rel="noopener">Référentiel d&#8217;Évaluation de l&#8217;Accessibilité Web (RAWeb) v1</a>, das sie umsetzt. Die nachfolgend aufgeführten Abweichungen führen zu dieser Einstufung.</p>   <h2 class="wp-block-heading titleh4">Testergebnisse</h2>   <p>Die im September 2025 von <a href="https://ideance.net/" target="_blank" rel="noopener">Ideance</a> durchgeführte Konformitätsprüfung nach RAWeb Version 1 ergibt für die Stichprobe&nbsp;:</p>   <ul class="wp-block-list"> <li>Die globale Konformitätsrate beträgt 82,3%.<br>Dieser Wert ergibt sich, indem die Anzahl der konformen Kriterien durch die Anzahl der anwendbaren Kriterien geteilt wird.</li>   <li>Die durchschnittliche Konformitätsrate beträgt 88,1%.<br>Dieser Wert ergibt sich als Mittelwert der Konformitätsraten jeder einzelnen Seite.</li> </ul>   <h2 class="wp-block-heading">Nicht barrierefreie Inhalte</h2>   <p>Liste der nicht konformen Kriterien:</p>   <ul class="wp-block-list"> <li>1.3 – Eine Textalternative für eine inhaltsrelevante Grafik ist nicht aussagekräftig.</li>   <li>3.1 – Eine Information wird ausschließlich über Farbe vermittelt (Breadcrumb der Seite Kontaktieren Sie uns).</li>   <li>3.2 – Die Kontraste zwischen Textfarbe und Hintergrundfarbe sind nicht ausreichend.</li>   <li>6.1 – Ein Link ist nicht eindeutig aussagekräftig.</li>   <li>7.1 – Das Suchskript der Website ist nicht vollständig mit Unterstützungstechnologien kompatibel.</li>   <li>8.9 – Tags werden ausschließlich zu Präsentationszwecken verwendet.</li>   <li>10.4 – Texte sind nicht lesbar, wenn die Schriftgröße mindestens bis auf 200% vergrößert wird.</li>   <li>10.6 – Links, deren Art nicht offensichtlich ist, sind gegenüber ihrem umgebenden Text nicht hinreichend sichtbar.</li>   <li>10.7 – Die Fokusdarstellung interaktiver Elemente ist nicht sichtbar.</li>   <li>10.8 – Verborgene Inhalte sind nicht als von Unterstützungstechnologien zu ignorieren gekennzeichnet.</li>   <li>10.11 – Das Breadcrumb kann bei einer Fensterbreite von 320&nbsp;px nicht dargestellt werden.</li> </ul>   <h2 class="wp-block-heading titleh4">Erstellung dieser Erklärung zur Barrierefreiheit</h2>   <p>Diese Erklärung wurde am 16. September 2025 erstellt.</p>   <p>Die Angaben in dieser Erklärung sind korrekt und beruhen auf einer tatsächlichen Bewertung der Konformität dieser Website mit den Anforderungen des <a href="https://accessibilite.public.lu/fr/raweb1/" target="_blank" rel="noopener">RAWeb 1</a>.</p>   <h4 class="wp-block-heading">Verwendete Technologien für die Umsetzung der Website</h4>   <ul class="wp-block-list"> <li>HTML5</li>   <li>SVG</li>   <li>ARIA</li>   <li>CSS</li>   <li>JavaScript</li> </ul>   <h2 class="wp-block-heading titleh4">Testumgebung</h2>   <p>Die Tests wurden mit folgenden Kombinationen aus Webbrowser und Screenreader durchgeführt:</p>   <ul class="wp-block-list"> <li>Firefox 142 und NVDA 2025.2 unter Windows 11</li>   <li>Firefox 142 und JAWS 2024 unter Windows 11</li>   <li>Safari und VoiceOver unter macOS 6.1</li>   <li>Safari und VoiceOver unter iOS 6</li> </ul>   <h2 class="wp-block-heading titleh4">Werkzeuge zur Bewertung der Barrierefreiheit</h2>   <ul class="wp-block-list"> <li>Colour Contrast Analyser</li>   <li>Contrast Finder</li>   <li>Firefox-Entwicklertools</li>   <li>Web Developer (Firefox-Erweiterung)</li> </ul>   <h2 class="wp-block-heading titleh4">Für die Konformitätsprüfung herangezogene Seiten</h2>   <ul class="wp-block-list"> <li><a href="https://myilr.lu" target="_blank" rel="noopener">Startseite</a></li>   <li><a href="https://myilr.lu/mentions-legales/" target="_blank" rel="noopener">Impressum</a></li>   <li><a href="https://myilr.lu/plan-du-site/" target="_blank" rel="noopener">Sitemap</a></li>   <li><a data-wplink-edit="true" href="https://myilr.lu/mes-questions/" target="_blank" rel="noopener">Themen</a></li>   <li><a href="https://myilr.lu/mes-questions/telephone-fixe-internet/" target="_blank" rel="noopener">Festnetz – Internet</a></li>   <li><a href="https://myilr.clients.h2a.lu/mes-questions/telephone-fixe-internet/contrat-telephone-fixe-internet/" target="_blank" rel="noopener">Ver</a><a href="https://myilr.lu/mes-questions/telephone-fixe-internet/contrat-telephone-fixe-internet/" target="_blank" rel="noopener">tra</a><a href="https://myilr.clients.h2a.lu/mes-questions/telephone-fixe-internet/contrat-telephone-fixe-internet/" target="_blank" rel="noopener">g</a></li>   <li><a href="https://myilr.lu/qui-est-lilr/" target="_blank" rel="noopener">Wer ist die ILR</a></li>   <li><a href="https://myilr.lu/contact/" target="_blank" rel="noopener">Kontakt</a></li>   <li><a href="https://myilr.lu/declaration-daccessibilite/" target="_blank" rel="noopener">Barrierefreiheit</a></li> </ul>   <h2 class="wp-block-heading">Feedback und Kontaktangaben</h2>   <p>Wenn Sie nicht auf einen Inhalt oder einen Dienst dieser Website zugreifen können, können Sie uns über einen der folgenden Wege kontaktieren und Ihr Problem beschreiben:&nbsp;<br>Schreiben Sie uns an folgende E-Mail-Adresse: <a href="mailto:accessibilite@ilr.lu">accessibilite@ilr.lu</a></p>   <p>Wir verpflichten uns, Ihnen per E-Mail innerhalb von höchstens 1 Monat zu antworten.</p>   <p>Um das Problem dauerhaft und im Rahmen des Zumutbaren zu beheben, wird die Online-Korrektur des Barrierefreiheitsmangels bevorzugt.</p>   <p>Falls dies nicht möglich ist, werden Ihnen die gewünschten Informationen in einem barrierefreien Format nach Ihren Wünschen übermittelt:</p>   <ul class="wp-block-list"> <li>Schriftlich in einem Dokument oder per E-Mail.</li>   <li>Mündlich in einem Gespräch oder telefonisch.</li> </ul>   <h2 class="wp-block-heading">Verfahren zur Gewährleistung der Einhaltung der Vorschriften</h2>   <p>Bei einer nicht zufriedenstellenden Antwort können Sie außerdem den <a href="https://sip.gouvernement.lu/fr.html" target="_blank" rel="noopener">Service information et presse</a>, die für die Kontrolle der Barrierefreiheit zuständige Stelle, über sein <a href="https://sip.gouvernement.lu/fr/support/reclamation-accessibilite.html" target="_blank" rel="noopener">Online-Beschwerdeformular</a> informieren oder sich an den <a href="https://www.ombudsman.lu/" target="_blank" rel="noopener">Ombudsmann</a>, die Schlichtungsstelle des Großherzogtums Luxemburg, wenden.</p>   <p class="is-inset-top-60"><em>Diese Erklärung wurde am 16. September 2025 erstellt</em></p>

<p>Diese Seite stellt unsere Verpflichtungen in Sachen digitaler Barrierefreiheit vor und legt anschließend den Konformitätsgrad dieser Website mit den geltenden Vorschriften und Referenzrahmen fest. Was ist digitale Barrierefreiheit? Digitale Barrierefreiheit umfasst Regeln und bewährte Praktiken, die insbesondere funktionale, grafische, technische und redaktionelle Aspekte abdecken. Die Beachtung dieser Regeln und bewährten Praktiken stellt sicher, dass digitale [&hellip;]</p>
