{"id":1463,"date":"2024-08-05T10:48:05","date_gmt":"2024-08-05T08:48:05","guid":{"rendered":"https:\/\/staging.myilr.lu\/?page_id=1463"},"modified":"2026-04-09T14:27:07","modified_gmt":"2026-04-09T12:27:07","slug":"neues-netznutzungsentgelt","status":"publish","type":"page","link":"https:\/\/www.myilr.lu\/de\/neues-netznutzungsentgelt\/","title":{"rendered":"Neues Netznutzungsentgelt"},"content":{"rendered":"\n<div style=\"height:60px\" aria-hidden=\"true\" class=\"wp-block-spacer\"><\/div>\n\n\n\n<h3 class=\"wp-block-heading\">Eine gerechte Tarifstruktur mit Blick auf den k\u00fcnftigen Bedarf<\/h3>\n\n\n\n<p>Lesen Sie die <a href=\"https:\/\/staging.myilr.lu\/wp-content\/uploads\/2024\/12\/0002_DEP_ILR_StructureTarifaireEquitable_A4_DE_2024.pdf\" data-type=\"link\" data-id=\"https:\/\/staging.myilr.lu\/wp-content\/uploads\/2024\/12\/0002_DEP_ILR_StructureTarifaireEquitable_A4_DE_V2.pdf\" target=\"_blank\" rel=\"noopener\">Informationsbrosch\u00fcre<\/a>, die anl\u00e4sslich des Inkrafttretens der neuen Tarifstruktur ver\u00f6ffentlicht wurde.<\/p>\n\n\n\n<h4 class=\"wp-block-heading\">Einleitung und Fazit<\/h4>\n\n\n\n<p>Die <strong>Elektrifizierung unserer Gesellschaft<\/strong> geht mit einem Anstieg der Energiefl\u00fcsse in unseren Netzen einher. Die Netzbetreiber verfolgen den Zustand und die Entwicklung der Netze ganz genau, um den derzeitigen und den k\u00fcnftigen Strombedarf decken zu k\u00f6nnen. Der Anstieg der Energiefl\u00fcsse ist derzeit absolut beherrschbar, vor allem dank der <strong>hervorragenden Netzqualit\u00e4t in unserem Land<\/strong>. In Zukunft wird er jedoch einen Ausbau der Netzkapazit\u00e4t erforderlich machen, insbesondere aufgrund des <strong>Anstiegs der gleichzeitigen Verbr\u00e4uche<\/strong>.<\/p>\n\n\n\n<p>Zus\u00e4tzlich zum Netzausbau wollten die Netzbetreiber schon heute eine erg\u00e4nzende, <strong>gerechte Antwort<\/strong> auf diese Entwicklung der Netznutzung finden. Konkret wird jetzt die <strong>Kostenreflexivit\u00e4t<\/strong> des Teils des Endverbraucherpreises<sup style=\"background-color:#cf2e2e; padding:5px; width:15px; height:15px; border-radius:5em; display: inline-flex; justify-content: center;  align-items: center; color: #fff;\" class=\"has-inline-color\">1<\/sup> angestrebt, der auf die Netznutzung entf\u00e4llt. Deshalb f\u00fchren das Institut Luxembourgeois de R\u00e9gulation (ILR) und die Netzbetreiber zum 1. Januar 2025 eine neue Tarifstruktur f\u00fcr das Niederspannungsnetz des Strommarktes ein (Haushalte, Einzelhandel usw.). Kurzfristig wird diese \u00c4nderung wenig Auswirkungen auf die \u00fcberwiegende Mehrheit der Verbraucherinnen und Verbraucher haben, insbesondere da die wichtigste Gr\u00f6\u00dfe der Energiepreis an sich und nicht das Netznutzungsentgelt ist.<\/p>\n\n\n\n<p>Mittelfristig bietet diese Anpassung jedoch Anreize f\u00fcr eine effizientere Nutzung der Netze, eine bessere Nutzung der bestehenden Netze insgesamt und schlie\u00dflich den Erhalt der Preisstabilit\u00e4t an sich.<\/p>\n\n\n\n<h4 class=\"wp-block-heading\">Die \u00c4nderungen im Detail<\/h4>\n\n\n\n<p>Zum 1. Januar 2025 f\u00fchren das Institut Luxembourgeois de R\u00e9gulation (ILR) und die Netzbetreiber eine neue Tarifstruktur auf dem Strommarkt ein. Das Ziel? Vor dem Hintergrund der Energiewende ad\u00e4quat auf die Entwicklung der Nutzung des Netzes reagieren. Wie? Vorgeschlagen wird eine gerechtere Tarifstruktur, die f\u00fcr Verbraucherinnen und Verbraucher mittelfristig Anreize f\u00fcr eine flexiblere Netznutzung und eine bessere Nutzung der bestehenden Netze bietet.<\/p>\n\n\n\n<h5 class=\"wp-block-heading\">Hintergrund: die Elektrifizierung unserer Gesellschaft und der Anstieg der Energiefl\u00fcsse<\/h5>\n\n\n\n<p>Die Elektrifizierung unserer Gesellschaft geht mit einem Anstieg der Energiefl\u00fcsse einher. Dieser ist zwar derzeit absolut beherrschbar, vor allem dank der hervorragenden Netzqualit\u00e4t in unserem Land, k\u00f6nnte jedoch in Zukunft immer gr\u00f6\u00dfer werden. Um diesen Anstieg einzuhegen und bevor vielleicht ein Ausbau der erforderlichen Netzkapazit\u00e4t vorgenommen werden muss, muss schon jetzt eine erg\u00e4nzende L\u00f6sung f\u00fcr die Beschr\u00e4nkung von Lastspitzen gefunden werden, die durch gleichzeitige Verbr\u00e4uche entstehen k\u00f6nnen.<\/p>\n\n\n\n<h5 class=\"wp-block-heading\">Infrastruktur: Bedeutung der Netze und der Netzbetreiber<\/h5>\n\n\n\n<p>Grundlage unseres Strommarktes ist es, dass die Netzbetreiber f\u00fcr die Verteilung der Elektrizit\u00e4t sorgen und dabei sicherstellen, dass sich Erzeugung und Verbrauch die Waage halten. Dabei ist zwischen dem Energiepreis an sich und dem Netznutzungsentgelt zu unterscheiden, die zusammen mit Steuern und Abgaben den Strompreis ergeben, den Verbraucherinnen und Verbraucher letztendlich bezahlen.<\/p>\n\n\n\n<h5 class=\"wp-block-heading\">Problematik: k\u00fcnftige Risiken durch gleichzeitige Verbr\u00e4uche<\/h5>\n\n\n\n<p>Gleichzeitige Verbr\u00e4uche k\u00f6nnten in Zukunft zunehmen, insbesondere wenn in einem Haushalt ein Elektroauto an die Ladestation geh\u00e4ngt oder die Sauna eingeschaltet wird, w\u00e4hrend gleichzeitig Waschmaschine, Backofen und Herd laufen. Diese gleichzeitigen Verbr\u00e4uche k\u00f6nnen Lastspitzen oder sogar eine Netz\u00fcberlastung verursachen, wenn keine vorausschauenden Ma\u00dfnahmen ergriffen werden. Zus\u00e4tzlich zum Netzausbau ist die Tarifstruktur des Netzentgelts von morgen deshalb bereits heute auf die derzeitigen und k\u00fcnftigen Anforderungen der Netze abzustimmen, deren Kapazit\u00e4t eine geteilte Ressource ist.<\/p>\n\n\n\n<h5 class=\"wp-block-heading\">Die L\u00f6sung: Heute handeln, statt morgen mehr zahlen m\u00fcssen<\/h5>\n\n\n\n<p>Bei der neuen Tarifstruktur des Netznutzungsentgelts wird deshalb der Leistung eine wichtigere Rolle zugeschrieben. Zur Erinnerung: <a href=\"https:\/\/staging.myilr.lu\/de\/meine-fragen\/energie-de\/vertraege-rechnungen-und-preise\/#was-bedeuten-kw-und-kwh\" target=\"_blank\" rel=\"noopener\">Die Leistung wird in Watt (W) bzw. meistens in Kilowatt (kW) <\/a>angegeben. Sie ist ein Momentanwert, der f\u00fcr die St\u00e4rke der elektrischen Leistung steht, vergleichbar mit der Geschwindigkeit eines Fahrzeugs oder der Flie\u00dfrate eines Flusses. Den Nutzerinnen und Nutzern wird eine begrenzte Anzahl von Standard-Leistungsklassen angeboten, die entsprechend den g\u00e4ngigsten Nutzungsgewohnheiten und -profilen festgelegt wurden. Die zugeteilte Leistung ist nicht unbedingt ein H\u00f6chstwert, sondern eher ein Referenzwert f\u00fcr die Gr\u00f6\u00dfenordnung der Nutzung. Oder mit anderen Worten: Die regelm\u00e4\u00dfige \u00dcberschreitung des vertraglich vereinbarten Wertes stellt kein Problem dar. Die zus\u00e4tzlich verbrauchte Energie wird einfach zu einem h\u00f6heren Tarif abgerechnet, da das Netz die Differenz ausgleichen muss.<\/p>\n\n\n\n<h5 class=\"wp-block-heading\">Ergebnis: ein gerechter Preis f\u00fcr die Netznutzung<\/h5>\n\n\n\n<p>Bevor die Regelung zum 1. Januar 2025 in Kraft tritt, werden die Verbraucherinnen und Verbraucher abh\u00e4ngig von ihrem bisherigen Verbrauch einer Leistungsklasse zugeordnet. Bei diesem Verfahren wird f\u00fcr jeden Kunden eine in finanzieller Hinsicht optimale Kategorie ermittelt. Verbraucher, die durch ihr Verbrauchsverhalten und ihre Netznutzung Lastspitzen verursachen, haben heute einen Vorteil. K\u00fcnftig zahlen alle Verbraucher einen gerechten Preis, denn die Tarifstruktur ist fairer, weil sie das Verbrauchsverhalten ber\u00fccksichtigt. Dennoch bleibt der Energiepreis nat\u00fcrlich die Hauptkomponente bei der Zusammensetzung des Endpreises und dessen Auswirkung kann deutlich h\u00f6her sein als die \u00c4nderung, die sich durch die neue Tarifstruktur ergibt. Diese wird sich bei der \u00fcberwiegenden Mehrheit der Verbraucherinnen und Verbraucher also nicht bemerkbar machen, die bereits jetzt ein der Energiewende angemessenes Verhalten an den Tag legen.<\/p>\n\n\n\n<div style=\"height:30px\" aria-hidden=\"true\" class=\"wp-block-spacer\"><\/div>\n\n\n\n<iframe loading=\"lazy\" width=\"560\" height=\"315\" class=\"iframefull\" src=\"https:\/\/www.youtube.com\/embed\/EY-mgfLlEeQ?cc_load_policy=1&#038;cc_lang_pref=de\" frameborder=\"0\" allowfullscreen><\/iframe>\n\n\n\n<div style=\"height:60px\" aria-hidden=\"true\" class=\"wp-block-spacer\"><\/div>\n\n\n\n<h3 class=\"wp-block-heading\">Grafische Darstellung der neuen Tarifstruktur<\/h3>\n\n\n\n<div style=\"height:20px\" aria-hidden=\"true\" class=\"wp-block-spacer\"><\/div>\n\n\n\n<figure class=\"wp-block-image size-large maxwidth\"><img decoding=\"async\" src=\"https:\/\/staging.myilr.lu\/wp-content\/uploads\/2024\/12\/graph-de4.png\" alt=\"\" class=\"wp-image-1583\"\/><\/figure>\n\n\n\n<h4 class=\"wp-block-heading\">Zusammenfassung der Tarifbestandteile f\u00fcr die Nutzung des Stromnetzes in der Niederspannung (ohne Messkosten)<\/h4>\n\n\n\n<div style=\"height:20px\" aria-hidden=\"true\" class=\"wp-block-spacer\"><\/div>\n\n\n\n<figure class=\"wp-block-image size-full maxwidth\"><img decoding=\"async\" src=\"https:\/\/staging.myilr.lu\/wp-content\/uploads\/2024\/12\/legen-de-1.svg\" alt=\"\" class=\"wp-image-1590\"\/><\/figure>\n\n\n\n<h4 class=\"wp-block-heading\">Bestimmung der Referenzleistungsstufe<\/h4>\n\n\n\n<p>Der Netzbetreiber weist jedem Kunden basierend auf seinem Verbrauch der letzten 12 Monaten die optimale Referenzleistungsstufe zu (wodurch die Kosten f\u00fcr den Kunden minimiert werden).<\/p>\n\n\n\n<p>Er bewertet die Referenzleistungsstufe kontinuierlich anhand einer monatlichen Neuberechnung basierend auf den Verbrauchsdaten der letzten 12 Monate. Dieser Ansatz gew\u00e4hrleistet, dass eine \u00c4nderung des Verbraucherverhaltens im Laufe der Zeit automatisch ber\u00fccksichtigt wird, ohne dass der Verbraucher aktiv werden muss.<\/p>\n\n\n\n<p><br><a href=\"https:\/\/staging.myilr.lu\/de\/meine-fragen\/neues-netznutzungsentgelt\/fragen-zum-neuen-netzwerknutzungstarif\/\" target=\"_blank\" rel=\"noopener\">Hier finden Sie alle FAQs<\/a><\/p>\n\n\n\n<p><a href=\"https:\/\/www.ilr.lu\/wp-content\/uploads\/publication\/ilr-elc-pub-2024-12-03-Rapport-sur-les-tarifs-dutilisation-des-reseaux-de-transport-et-de-distribution-delectricite-en-2025%E2%80%8B.pdf\" target=\"_blank\" rel=\"noopener\">Die technischen Details zu den Anpassungen finden Sie auf den Seiten 19 bis 26 des \u201e<\/a><a href=\"https:\/\/www.ilr.lu\/wp-content\/uploads\/publication\/ilr-elc-pub-2024-12-03-Rapport-sur-les-tarifs-dutilisation-des-reseaux-de-transport-et-de-distribution-delectricite-en-2025%E2%80%8B.pdf\" target=\"_blank\" rel=\"noreferrer noopener\">Rapport sur les tarifs d\u2019utilisation des r\u00e9seaux de transport et de distribution d&#8217;\u00e9lectricit\u00e9 en 2025<\/a><a href=\"https:\/\/www.ilr.lu\/wp-content\/uploads\/publication\/ilr-elc-pub-2024-12-03-Rapport-sur-les-tarifs-dutilisation-des-reseaux-de-transport-et-de-distribution-delectricite-en-2025%E2%80%8B.pdf\" target=\"_blank\" rel=\"noopener\">\u201c (FR).<\/a><br><\/p>\n\n\n\n<div style=\"height:40px\" aria-hidden=\"true\" class=\"wp-block-spacer\"><\/div>\n\n\n\n<hr class=\"wp-block-separator has-text-color has-vivid-red-color has-alpha-channel-opacity has-vivid-red-background-color has-background is-style-wide\"\/>\n\n\n\n<div style=\"height:20px\" aria-hidden=\"true\" class=\"wp-block-spacer\"><\/div>\n\n\n\n<p><sup style=\"background-color:#cf2e2e; padding:5px; width:15px; height:15px; border-radius:5em; display: inline-flex; justify-content: center;  align-items: center; color: #fff;\" class=\"has-inline-color\">1<\/sup> <em>Es ist zu unterscheiden zwischen dem Energiepreis und dem Netznutzungsentgelt, die zusammen mit Steuern und Abgaben den Strompreis ergeben, den Verbraucherinnen und Verbraucher letztendlich bezahlen. Der Energiepreis ist von dieser \u00c4nderung nicht betroffen.<\/em><\/p>\n\n\n\n<p><\/p>\n","protected":false},"excerpt":{"rendered":"<p>Eine gerechte Tarifstruktur mit Blick auf den k\u00fcnftigen Bedarf Lesen Sie die Informationsbrosch\u00fcre, die anl\u00e4sslich des Inkrafttretens der neuen Tarifstruktur ver\u00f6ffentlicht wurde. Einleitung und Fazit Die Elektrifizierung unserer Gesellschaft geht mit einem Anstieg der Energiefl\u00fcsse in unseren Netzen einher. Die Netzbetreiber verfolgen den Zustand und die Entwicklung der Netze ganz genau, um den derzeitigen und [&hellip;]<\/p>\n","protected":false},"author":1,"featured_media":1473,"parent":0,"menu_order":0,"comment_status":"closed","ping_status":"closed","template":"page-thematique.php","meta":{"_acf_changed":false,"footnotes":""},"class_list":["post-1463","page","type-page","status-publish","has-post-thumbnail","hentry"],"acf":[],"_links":{"self":[{"href":"https:\/\/www.myilr.lu\/de\/wp-json\/wp\/v2\/pages\/1463","targetHints":{"allow":["GET"]}}],"collection":[{"href":"https:\/\/www.myilr.lu\/de\/wp-json\/wp\/v2\/pages"}],"about":[{"href":"https:\/\/www.myilr.lu\/de\/wp-json\/wp\/v2\/types\/page"}],"author":[{"embeddable":true,"href":"https:\/\/www.myilr.lu\/de\/wp-json\/wp\/v2\/users\/1"}],"replies":[{"embeddable":true,"href":"https:\/\/www.myilr.lu\/de\/wp-json\/wp\/v2\/comments?post=1463"}],"version-history":[{"count":24,"href":"https:\/\/www.myilr.lu\/de\/wp-json\/wp\/v2\/pages\/1463\/revisions"}],"predecessor-version":[{"id":29180,"href":"https:\/\/www.myilr.lu\/de\/wp-json\/wp\/v2\/pages\/1463\/revisions\/29180"}],"wp:featuredmedia":[{"embeddable":true,"href":"https:\/\/www.myilr.lu\/de\/wp-json\/wp\/v2\/media\/1473"}],"wp:attachment":[{"href":"https:\/\/www.myilr.lu\/de\/wp-json\/wp\/v2\/media?parent=1463"}],"curies":[{"name":"wp","href":"https:\/\/api.w.org\/{rel}","templated":true}]}}

<div style="height:60px" aria-hidden="true" class="wp-block-spacer"></div>



<h3 class="wp-block-heading">Eine gerechte Tarifstruktur mit Blick auf den künftigen Bedarf</h3>



<p>Lesen Sie die <a href="https://staging.myilr.lu/wp-content/uploads/2024/12/0002_DEP_ILR_StructureTarifaireEquitable_A4_DE_2024.pdf" data-type="link" data-id="https://staging.myilr.lu/wp-content/uploads/2024/12/0002_DEP_ILR_StructureTarifaireEquitable_A4_DE_V2.pdf" target="_blank" rel="noopener">Informationsbroschüre</a>, die anlässlich des Inkrafttretens der neuen Tarifstruktur veröffentlicht wurde.</p>



<h4 class="wp-block-heading">Einleitung und Fazit</h4>



<p>Die <strong>Elektrifizierung unserer Gesellschaft</strong> geht mit einem Anstieg der Energieflüsse in unseren Netzen einher. Die Netzbetreiber verfolgen den Zustand und die Entwicklung der Netze ganz genau, um den derzeitigen und den künftigen Strombedarf decken zu können. Der Anstieg der Energieflüsse ist derzeit absolut beherrschbar, vor allem dank der <strong>hervorragenden Netzqualität in unserem Land</strong>. In Zukunft wird er jedoch einen Ausbau der Netzkapazität erforderlich machen, insbesondere aufgrund des <strong>Anstiegs der gleichzeitigen Verbräuche</strong>.</p>



<p>Zusätzlich zum Netzausbau wollten die Netzbetreiber schon heute eine ergänzende, <strong>gerechte Antwort</strong> auf diese Entwicklung der Netznutzung finden. Konkret wird jetzt die <strong>Kostenreflexivität</strong> des Teils des Endverbraucherpreises<sup style="background-color:#cf2e2e; padding:5px; width:15px; height:15px; border-radius:5em; display: inline-flex; justify-content: center;  align-items: center; color: #fff;" class="has-inline-color">1</sup> angestrebt, der auf die Netznutzung entfällt. Deshalb führen das Institut Luxembourgeois de Régulation (ILR) und die Netzbetreiber zum 1. Januar 2025 eine neue Tarifstruktur für das Niederspannungsnetz des Strommarktes ein (Haushalte, Einzelhandel usw.). Kurzfristig wird diese Änderung wenig Auswirkungen auf die überwiegende Mehrheit der Verbraucherinnen und Verbraucher haben, insbesondere da die wichtigste Größe der Energiepreis an sich und nicht das Netznutzungsentgelt ist.</p>



<p>Mittelfristig bietet diese Anpassung jedoch Anreize für eine effizientere Nutzung der Netze, eine bessere Nutzung der bestehenden Netze insgesamt und schließlich den Erhalt der Preisstabilität an sich.</p>



<h4 class="wp-block-heading">Die Änderungen im Detail</h4>



<p>Zum 1. Januar 2025 führen das Institut Luxembourgeois de Régulation (ILR) und die Netzbetreiber eine neue Tarifstruktur auf dem Strommarkt ein. Das Ziel? Vor dem Hintergrund der Energiewende adäquat auf die Entwicklung der Nutzung des Netzes reagieren. Wie? Vorgeschlagen wird eine gerechtere Tarifstruktur, die für Verbraucherinnen und Verbraucher mittelfristig Anreize für eine flexiblere Netznutzung und eine bessere Nutzung der bestehenden Netze bietet.</p>



<h5 class="wp-block-heading">Hintergrund: die Elektrifizierung unserer Gesellschaft und der Anstieg der Energieflüsse</h5>



<p>Die Elektrifizierung unserer Gesellschaft geht mit einem Anstieg der Energieflüsse einher. Dieser ist zwar derzeit absolut beherrschbar, vor allem dank der hervorragenden Netzqualität in unserem Land, könnte jedoch in Zukunft immer größer werden. Um diesen Anstieg einzuhegen und bevor vielleicht ein Ausbau der erforderlichen Netzkapazität vorgenommen werden muss, muss schon jetzt eine ergänzende Lösung für die Beschränkung von Lastspitzen gefunden werden, die durch gleichzeitige Verbräuche entstehen können.</p>



<h5 class="wp-block-heading">Infrastruktur: Bedeutung der Netze und der Netzbetreiber</h5>



<p>Grundlage unseres Strommarktes ist es, dass die Netzbetreiber für die Verteilung der Elektrizität sorgen und dabei sicherstellen, dass sich Erzeugung und Verbrauch die Waage halten. Dabei ist zwischen dem Energiepreis an sich und dem Netznutzungsentgelt zu unterscheiden, die zusammen mit Steuern und Abgaben den Strompreis ergeben, den Verbraucherinnen und Verbraucher letztendlich bezahlen.</p>



<h5 class="wp-block-heading">Problematik: künftige Risiken durch gleichzeitige Verbräuche</h5>



<p>Gleichzeitige Verbräuche könnten in Zukunft zunehmen, insbesondere wenn in einem Haushalt ein Elektroauto an die Ladestation gehängt oder die Sauna eingeschaltet wird, während gleichzeitig Waschmaschine, Backofen und Herd laufen. Diese gleichzeitigen Verbräuche können Lastspitzen oder sogar eine Netzüberlastung verursachen, wenn keine vorausschauenden Maßnahmen ergriffen werden. Zusätzlich zum Netzausbau ist die Tarifstruktur des Netzentgelts von morgen deshalb bereits heute auf die derzeitigen und künftigen Anforderungen der Netze abzustimmen, deren Kapazität eine geteilte Ressource ist.</p>



<h5 class="wp-block-heading">Die Lösung: Heute handeln, statt morgen mehr zahlen müssen</h5>



<p>Bei der neuen Tarifstruktur des Netznutzungsentgelts wird deshalb der Leistung eine wichtigere Rolle zugeschrieben. Zur Erinnerung: <a href="https://staging.myilr.lu/de/meine-fragen/energie-de/vertraege-rechnungen-und-preise/#was-bedeuten-kw-und-kwh" target="_blank" rel="noopener">Die Leistung wird in Watt (W) bzw. meistens in Kilowatt (kW) </a>angegeben. Sie ist ein Momentanwert, der für die Stärke der elektrischen Leistung steht, vergleichbar mit der Geschwindigkeit eines Fahrzeugs oder der Fließrate eines Flusses. Den Nutzerinnen und Nutzern wird eine begrenzte Anzahl von Standard-Leistungsklassen angeboten, die entsprechend den gängigsten Nutzungsgewohnheiten und -profilen festgelegt wurden. Die zugeteilte Leistung ist nicht unbedingt ein Höchstwert, sondern eher ein Referenzwert für die Größenordnung der Nutzung. Oder mit anderen Worten: Die regelmäßige Überschreitung des vertraglich vereinbarten Wertes stellt kein Problem dar. Die zusätzlich verbrauchte Energie wird einfach zu einem höheren Tarif abgerechnet, da das Netz die Differenz ausgleichen muss.</p>



<h5 class="wp-block-heading">Ergebnis: ein gerechter Preis für die Netznutzung</h5>



<p>Bevor die Regelung zum 1. Januar 2025 in Kraft tritt, werden die Verbraucherinnen und Verbraucher abhängig von ihrem bisherigen Verbrauch einer Leistungsklasse zugeordnet. Bei diesem Verfahren wird für jeden Kunden eine in finanzieller Hinsicht optimale Kategorie ermittelt. Verbraucher, die durch ihr Verbrauchsverhalten und ihre Netznutzung Lastspitzen verursachen, haben heute einen Vorteil. Künftig zahlen alle Verbraucher einen gerechten Preis, denn die Tarifstruktur ist fairer, weil sie das Verbrauchsverhalten berücksichtigt. Dennoch bleibt der Energiepreis natürlich die Hauptkomponente bei der Zusammensetzung des Endpreises und dessen Auswirkung kann deutlich höher sein als die Änderung, die sich durch die neue Tarifstruktur ergibt. Diese wird sich bei der überwiegenden Mehrheit der Verbraucherinnen und Verbraucher also nicht bemerkbar machen, die bereits jetzt ein der Energiewende angemessenes Verhalten an den Tag legen.</p>



<div style="height:30px" aria-hidden="true" class="wp-block-spacer"></div>



<iframe loading="lazy" width="560" height="315" class="iframefull" src="https://www.youtube.com/embed/EY-mgfLlEeQ?cc_load_policy=1&#038;cc_lang_pref=de" frameborder="0" allowfullscreen></iframe>



<div style="height:60px" aria-hidden="true" class="wp-block-spacer"></div>



<h3 class="wp-block-heading">Grafische Darstellung der neuen Tarifstruktur</h3>



<div style="height:20px" aria-hidden="true" class="wp-block-spacer"></div>



<figure class="wp-block-image size-large maxwidth"><img decoding="async" src="https://staging.myilr.lu/wp-content/uploads/2024/12/graph-de4.png" alt="" class="wp-image-1583"/></figure>



<h4 class="wp-block-heading">Zusammenfassung der Tarifbestandteile für die Nutzung des Stromnetzes in der Niederspannung (ohne Messkosten)</h4>



<div style="height:20px" aria-hidden="true" class="wp-block-spacer"></div>



<figure class="wp-block-image size-full maxwidth"><img decoding="async" src="https://staging.myilr.lu/wp-content/uploads/2024/12/legen-de-1.svg" alt="" class="wp-image-1590"/></figure>



<h4 class="wp-block-heading">Bestimmung der Referenzleistungsstufe</h4>



<p>Der Netzbetreiber weist jedem Kunden basierend auf seinem Verbrauch der letzten 12 Monaten die optimale Referenzleistungsstufe zu (wodurch die Kosten für den Kunden minimiert werden).</p>



<p>Er bewertet die Referenzleistungsstufe kontinuierlich anhand einer monatlichen Neuberechnung basierend auf den Verbrauchsdaten der letzten 12 Monate. Dieser Ansatz gewährleistet, dass eine Änderung des Verbraucherverhaltens im Laufe der Zeit automatisch berücksichtigt wird, ohne dass der Verbraucher aktiv werden muss.</p>



<p><br><a href="https://staging.myilr.lu/de/meine-fragen/neues-netznutzungsentgelt/fragen-zum-neuen-netzwerknutzungstarif/" target="_blank" rel="noopener">Hier finden Sie alle FAQs</a></p>



<p><a href="https://www.ilr.lu/wp-content/uploads/publication/ilr-elc-pub-2024-12-03-Rapport-sur-les-tarifs-dutilisation-des-reseaux-de-transport-et-de-distribution-delectricite-en-2025%E2%80%8B.pdf" target="_blank" rel="noopener">Die technischen Details zu den Anpassungen finden Sie auf den Seiten 19 bis 26 des „</a><a href="https://www.ilr.lu/wp-content/uploads/publication/ilr-elc-pub-2024-12-03-Rapport-sur-les-tarifs-dutilisation-des-reseaux-de-transport-et-de-distribution-delectricite-en-2025%E2%80%8B.pdf" target="_blank" rel="noreferrer noopener">Rapport sur les tarifs d’utilisation des réseaux de transport et de distribution d&#8217;électricité en 2025</a><a href="https://www.ilr.lu/wp-content/uploads/publication/ilr-elc-pub-2024-12-03-Rapport-sur-les-tarifs-dutilisation-des-reseaux-de-transport-et-de-distribution-delectricite-en-2025%E2%80%8B.pdf" target="_blank" rel="noopener">“ (FR).</a><br></p>



<div style="height:40px" aria-hidden="true" class="wp-block-spacer"></div>



<hr class="wp-block-separator has-text-color has-vivid-red-color has-alpha-channel-opacity has-vivid-red-background-color has-background is-style-wide"/>



<div style="height:20px" aria-hidden="true" class="wp-block-spacer"></div>



<p><sup style="background-color:#cf2e2e; padding:5px; width:15px; height:15px; border-radius:5em; display: inline-flex; justify-content: center;  align-items: center; color: #fff;" class="has-inline-color">1</sup> <em>Es ist zu unterscheiden zwischen dem Energiepreis und dem Netznutzungsentgelt, die zusammen mit Steuern und Abgaben den Strompreis ergeben, den Verbraucherinnen und Verbraucher letztendlich bezahlen. Der Energiepreis ist von dieser Änderung nicht betroffen.</em></p>



<p></p>

<p>Eine gerechte Tarifstruktur mit Blick auf den künftigen Bedarf Lesen Sie die Informationsbroschüre, die anlässlich des Inkrafttretens der neuen Tarifstruktur veröffentlicht wurde. Einleitung und Fazit Die Elektrifizierung unserer Gesellschaft geht mit einem Anstieg der Energieflüsse in unseren Netzen einher. Die Netzbetreiber verfolgen den Zustand und die Entwicklung der Netze ganz genau, um den derzeitigen und [&hellip;]</p>
